{"id":1389,"date":"2023-11-02T08:48:47","date_gmt":"2023-11-02T08:48:47","guid":{"rendered":"https:\/\/originalesjac.com\/catalogo\/?post_type=product&#038;p=1389"},"modified":"2023-11-02T08:50:38","modified_gmt":"2023-11-02T08:50:38","slug":"aniz-guayaba-veladora-aroma-jumbo","status":"publish","type":"product","link":"https:\/\/originalesjac.com\/catalogo\/producto\/aniz-guayaba-veladora-aroma-jumbo\/","title":{"rendered":"ANIZ &#8211; GUAYABA &#8211; Veladora Aroma &#8211; Jumbo"},"content":{"rendered":"<div class=\"woocommerce-product-details__short-description\">\n<p>PRODUCTOS ORIGINALES JAC\u00ae 2023 &#8211; Basamos nuestra operaci\u00f3n en productos de Calidad e Innovaci\u00f3n, ofreciendo una amplia variedad de t\u00edtulos y modelos.<\/p>\n<\/div>\n","protected":false},"excerpt":{"rendered":"<p><iframe loading=\"lazy\" title=\"TAPA CAMINOS - Veladora Titulo - Jumbo\" src=\"https:\/\/www.youtube.com\/embed\/7JAvNu4L4bU\" width=\"501\" height=\"891\" frameborder=\"0\" allowfullscreen=\"allowfullscreen\"><span style=\"display: inline-block; width: 0px; overflow: hidden; line-height: 0;\" data-mce-type=\"bookmark\" class=\"mce_SELRES_start\">\ufeff<\/span><span style=\"display: inline-block; width: 0px; overflow: hidden; line-height: 0;\" data-mce-type=\"bookmark\" class=\"mce_SELRES_start\">\ufeff<\/span><span style=\"display: inline-block; width: 0px; overflow: hidden; line-height: 0;\" data-mce-type=\"bookmark\" class=\"mce_SELRES_start\">\ufeff<\/span><span style=\"display: inline-block; width: 0px; overflow: hidden; line-height: 0;\" data-mce-type=\"bookmark\" class=\"mce_SELRES_start\">\ufeff<\/span><\/iframe><\/p>\n","protected":false},"featured_media":1393,"comment_status":"open","ping_status":"closed","template":"","meta":{"_uag_custom_page_level_css":"","site-sidebar-layout":"default","site-content-layout":"","ast-site-content-layout":"default","site-content-style":"default","site-sidebar-style":"default","ast-global-header-display":"","ast-banner-title-visibility":"","ast-main-header-display":"","ast-hfb-above-header-display":"","ast-hfb-below-header-display":"","ast-hfb-mobile-header-display":"","site-post-title":"","ast-breadcrumbs-content":"","ast-featured-img":"","footer-sml-layout":"","theme-transparent-header-meta":"default","adv-header-id-meta":"","stick-header-meta":"","header-above-stick-meta":"","header-main-stick-meta":"","header-below-stick-meta":"","astra-migrate-meta-layouts":"set","ast-page-background-enabled":"default","ast-page-background-meta":{"desktop":{"background-color":"var(--ast-global-color-4)","background-image":"","background-repeat":"repeat","background-position":"center center","background-size":"auto","background-attachment":"scroll","background-type":"","background-media":"","overlay-type":"","overlay-color":"","overlay-gradient":""},"tablet":{"background-color":"","background-image":"","background-repeat":"repeat","background-position":"center center","background-size":"auto","background-attachment":"scroll","background-type":"","background-media":"","overlay-type":"","overlay-color":"","overlay-gradient":""},"mobile":{"background-color":"","background-image":"","background-repeat":"repeat","background-position":"center center","background-size":"auto","background-attachment":"scroll","background-type":"","background-media":"","overlay-type":"","overlay-color":"","overlay-gradient":""}},"ast-content-background-meta":{"desktop":{"background-color":"var(--ast-global-color-5)","background-image":"","background-repeat":"repeat","background-position":"center center","background-size":"auto","background-attachment":"scroll","background-type":"","background-media":"","overlay-type":"","overlay-color":"","overlay-gradient":""},"tablet":{"background-color":"var(--ast-global-color-5)","background-image":"","background-repeat":"repeat","background-position":"center center","background-size":"auto","background-attachment":"scroll","background-type":"","background-media":"","overlay-type":"","overlay-color":"","overlay-gradient":""},"mobile":{"background-color":"var(--ast-global-color-5)","background-image":"","background-repeat":"repeat","background-position":"center center","background-size":"auto","background-attachment":"scroll","background-type":"","background-media":"","overlay-type":"","overlay-color":"","overlay-gradient":""}}},"product_cat":[15],"product_tag":[],"class_list":["post-1389","product","type-product","status-publish","has-post-thumbnail","hentry","product_cat-aroma-jumbo","desktop-align-left","tablet-align-left","mobile-align-left"],"uagb_featured_image_src":{"full":["https:\/\/originalesjac.com\/catalogo\/wp-content\/uploads\/2023\/11\/ANIZ-GUAYABA-scaled.jpg",1440,2560,false],"thumbnail":["https:\/\/originalesjac.com\/catalogo\/wp-content\/uploads\/2023\/11\/ANIZ-GUAYABA-150x150.jpg",150,150,true],"medium":["https:\/\/originalesjac.com\/catalogo\/wp-content\/uploads\/2023\/11\/ANIZ-GUAYABA-169x300.jpg",169,300,true],"medium_large":["https:\/\/originalesjac.com\/catalogo\/wp-content\/uploads\/2023\/11\/ANIZ-GUAYABA-768x1365.jpg",768,1365,true],"large":["https:\/\/originalesjac.com\/catalogo\/wp-content\/uploads\/2023\/11\/ANIZ-GUAYABA-576x1024.jpg",576,1024,true],"1536x1536":["https:\/\/originalesjac.com\/catalogo\/wp-content\/uploads\/2023\/11\/ANIZ-GUAYABA-864x1536.jpg",864,1536,true],"2048x2048":["https:\/\/originalesjac.com\/catalogo\/wp-content\/uploads\/2023\/11\/ANIZ-GUAYABA-1152x2048.jpg",1152,2048,true],"woocommerce_thumbnail":["https:\/\/originalesjac.com\/catalogo\/wp-content\/uploads\/2023\/11\/ANIZ-GUAYABA-300x300.jpg",300,300,true],"woocommerce_single":["https:\/\/originalesjac.com\/catalogo\/wp-content\/uploads\/2023\/11\/ANIZ-GUAYABA-600x1067.jpg",600,1067,true],"woocommerce_gallery_thumbnail":["https:\/\/originalesjac.com\/catalogo\/wp-content\/uploads\/2023\/11\/ANIZ-GUAYABA-100x100.jpg",100,100,true]},"uagb_author_info":{"display_name":"BOSS","author_link":"https:\/\/originalesjac.com\/catalogo\/author\/"},"uagb_comment_info":0,"uagb_excerpt":"\ufeff\ufeff\ufeff\ufeff","_links":{"self":[{"href":"https:\/\/originalesjac.com\/catalogo\/wp-json\/wp\/v2\/product\/1389","targetHints":{"allow":["GET"]}}],"collection":[{"href":"https:\/\/originalesjac.com\/catalogo\/wp-json\/wp\/v2\/product"}],"about":[{"href":"https:\/\/originalesjac.com\/catalogo\/wp-json\/wp\/v2\/types\/product"}],"replies":[{"embeddable":true,"href":"https:\/\/originalesjac.com\/catalogo\/wp-json\/wp\/v2\/comments?post=1389"}],"wp:featuredmedia":[{"embeddable":true,"href":"https:\/\/originalesjac.com\/catalogo\/wp-json\/wp\/v2\/media\/1393"}],"wp:attachment":[{"href":"https:\/\/originalesjac.com\/catalogo\/wp-json\/wp\/v2\/media?parent=1389"}],"wp:term":[{"taxonomy":"product_cat","embeddable":true,"href":"https:\/\/originalesjac.com\/catalogo\/wp-json\/wp\/v2\/product_cat?post=1389"},{"taxonomy":"product_tag","embeddable":true,"href":"https:\/\/originalesjac.com\/catalogo\/wp-json\/wp\/v2\/product_tag?post=1389"}],"curies":[{"name":"wp","href":"https:\/\/api.w.org\/{rel}","templated":true}]}}